nder when 10979 is divided by 5.
4
What is the remainder when 874 is divided by 40?
34
Calculate the remainder when 982 is divided by 71.
59
Calculate the remainder when 1054 is divided by 5.
4
Calculate the remainder when 483 is divided by 71.
57
What is the remainder when 3201 is divided by 36?
33
What is the remainder when 962 is divided by 191?
7
Calculate the remainder when 1328 is divided by 265.
3
Calculate the remainder when 308 is divided by 24.
20
Calculate the remainder when 1132 is divided by 5.
2
Calculate the remainder when 1021 is divided by 147.
139
What is the remainder when 100 is divided by 13?
9
What is the remainder when 187 is divided by 12?
7
What is the remainder when 5126 is divided by 171?
167
Calculate the remainder when 525 is divided by 25.
0
Calculate the remainder when 2613 is divided by 22.
17
What is the remainder when 398 is divided by 81?
74
Calculate the remainder when 3 is divided by 2.
1
What is the remainder when 65 is divided by 19?
8
What is the remainder when 15 is divided by 4?
3
Calculate the remainder when 934 is divided by 160.
134
What is the remainder when 15441 is divided by 36?
33
Calculate the remainder when 224 is divided by 71.
11
Calculate the remainder when 978 is divided by 244.
2
Calculate the remainder when 19275 is divided by 61.
60
Calculate the remainder when 325 is divided by 50.
25
What is the remainder when 11 is divided by 6?
5
Calculate the remainder when 422 is divided by 113.
83
What is the remainder when 140 is divided by 49?
42
Calculate the remainder when 239 is divided by 122.
117
What is the remainder when 24824 is divided by 75?
74
Calculate the remainder when 1295 is divided by 10.
5
What is the remainder when 22296 is divided by 17?
9
What is the remainder when 170 is divided by 35?
30
What is the remainder when 594 is divided by 546?
48
Calculate the remainder when 3026 is divided by 37.
29
Calculate the remainder when 63 is divided by 26.
11
What is the remainder when 3994 is divided by 138?
130
What is the remainder when 3020 is divided by 56?
52
Calculate the remainder when 3581 is divided by 28.
25
Calculate the remainder when 131 is divided by 22.
21
Calculate the remainder when 213 is divided by 54.
51
Calculate the remainder when 1333 is divided by 223.
218
Calculate the remainder when 167 is divided by 9.
5
What is the remainder when 193 is divided by 30?
13
What is the remainder when 4727 is divided by 27?
2
What is the remainder when 26 is divided by 18?
8
What is the remainder when 166 is divided by 25?
16
What is the remainder when 1335 is divided by 167?
166
What is the remainder when 1994 is divided by 4?
2
What is the remainder when 143 is divided by 38?
29
What is the remainder when 974 is divided by 962?
12
What is the remainder when 2506 is divided by 19?
17
Calculate the remainder when 1511 is divided by 9.
8
What is the remainder when 45 is divided by 31?
14
What is the remainder when 159 is divided by 3?
0
Calculate the remainder when 105 is divided by 63.
42
Calculate the remainder when 81 is divided by 14.
11
Calculate the remainder when 12461 is divided by 93.
92
Calculate the remainder when 703 is divided by 118.
113
What is the remainder when 5695 is divided by 77?
74
What is the remainder when 3286 is divided by 6?
4
What is the remainder when 3657 is divided by 59?
58
What is the remainder when 817 is divided by 145?
92
Calculate the remainder when 154 is divided by 12.
10
What is the remainder when 9524 is divided by 1904?
4
Calculate the remainder when 15747 is divided by 62.
61
Calculate the remainder when 924 is divided by 205.
104
Calculate the remainder when 448 is divided by 31.
14
What is the remainder when 742 is divided by 94?
84
Calculate the remainder when 109 is divided by 57.
52
What is the remainder when 502 is divided by 14?
12
What is the remainder when 137 is divided by 37?
26
What is the remainder when 6838 is divided by 120?
118
Calculate the remainder when 1184 is divided by 390.
14
Calculate the remainder when 97 is divided by 10.
7
What is the remainder when 269 is divided by 69?
62
Calculate the remainder when 592 is divided by 157.
121
Calculate the remainder when 94 is divided by 60.
34
What is the remainder when 705 is divided by 347?
11
What is the remainder when 231 is divided by 162?
69
What is the remainder when 842 is divided by 416?
10
Calculate the remainder when 210 is divided by 34.
6
What is the remainder when 2211 is divided by 79?
78
What is the remainder when 304 is divided by 39?
31
What is the remainder when 11358 is divided by 20?
18
What is the remainder when 348 is divided by 72?
60
What is the remainder when 212 is divided by 38?
22
Calculate the remainder when 879 is divided by 417.
45
Calculate the remainder when 45 is divided by 11.
1
What is the remainder when 2080 is divided by 553?
421
Calculate the remainder when 281 is divided by 174.
107
What is the remainder when 363 is divided by 30?
3
What is the remainder when 149 is divided by 38?
35
What is the remainder when 27 is divided by 7?
6
Calculate the remainder when 62 is divided by 25.
12
Calculate the remainder when 372 is divided by 165.
42
Calculate the remainder when 119 is divided by 10.
9
Calculate the remainder when 777 is divided by 78.
75
Calculate the remainder when 13800 is divided by 129.
126
Calculate the remainder when 3645 is divided by 114.
111
What is the remainder when 286 is divided by 27?
16
What is the remainder when 315 is divided by 107?
101
What is the remainder when 7590 is divided by 13?
11
What is the remainder when 20858 is divided by 28?
26
Calculate the remainder when 199 is divided by 50.
49
Calculate the remainder when 188 is divided by 165.
23
What is the remainder when 100 is divided by 16?
4
Calculate the remainder when 144 is divided by 65.
14
What is the remainder when 16 is divided by 4?
0
Calculate the remainder when 162 is divided by 82.
80
Calculate the remainder when 295 is divided by 108.
79
What is the remainder when 17 is divided by 10?
7
What is the remainder when 1828 is divided by 59?
58
Calculate the remainder when 123 is divided by 27.
15
What is the remainder when 102 is divided by 16?
6
Calculate the remainder when 1086 is divided by 393.
300
Calculate the remainder when 808 is divided by 222.
142
Calculate the remainder when 4644 is divided by 1544.
12
What is the remainder when 203 is divided by 69?
65
Calculate the remainder when 158 is divided by 29.
13
What is the remainder when 116 is divided by 21?
11
Calculate the remainder when 151 is divided by 13.
8
What is the remainder when 125 is divided by 8?
5
What is the remainder when 1730 is divided by 287?
8
What is the remainder when 167 is divided by 89?
78
Calculate the remainder when 531 is divided by 48.
3
What is the remainder when 128 is divided by 22?
18
What is the remainder when 826 is divided by 21?
7
What is the remainder when 121 is divided by 61?
60
Calculate the remainder when 52 is divided by 25.
2
Calculate the remainder when 99 is divided by 34.
31
Calculate the remainder when 185 is divided by 10.
5
Calculate the remainder when 151 is divided by 59.
33
What is the remainder when 30 is divided by 11?
8
Calculate the remainder when 249 is divided by 129.
120
Calculate the remainder when 1447 is divided by 63.
61
What is the remainder when 189 is divided by 46?
5
What is the remainder when 94 is divided by 23?
2
Calculate the remainder when 149 is divided by 55.
39
What is the remainder when 60 is divided by 24?
12
What is the remainder when 52 is divided by 46?
6
What is the remainder when 670 is divided by 353?
317
What is the remainder when 11595 is divided by 100?
95
Calculate the remainder when 369 is divided by 195.
174
What is the remainder when 119 is divided by 70?
49
What is the remainder when 37 is divided by 10?
7
What is the remainder when 1883 is divided by 68?
47
What is the remainder when 55 is divided by 2?
1
Calculate the remainder when 199 is divided by 196.
3
Calculate the remainder when 222 is divided by 83.
56
Calculate the remainder when 8890 is divided by 247.
245
What is the remainder when 1007 is divided by 12?
11
What is the remainder when 202 is divided by 76?
50
What is the remainder